{"id":11,"date":"2026-01-07T12:29:47","date_gmt":"2026-01-07T12:29:47","guid":{"rendered":"http:\/\/tenmanagement.fr\/?page_id=11"},"modified":"2026-01-10T13:05:42","modified_gmt":"2026-01-10T13:05:42","slug":"performance-mentale-engagement-collectif-au-service-des-entreprises","status":"publish","type":"page","link":"https:\/\/tenmanagement.fr\/","title":{"rendered":"Performance mentale &amp; engagement collectif au service des entreprises"},"content":{"rendered":"\n<p>Pr\u00e9paration mentale, coaching et m\u00e9thode TEN Management pour renforcer la performance humaine durable.<\/p>\n\n\n\n<p><\/p>\n\n\n\n<p>TEN Management accompagne les entreprises, managers et collaborateurs dans le d\u00e9veloppement de la performance mentale,&nbsp;<br>de l\u2019engagement collectif et de la gestion de la pression professionnelle.<\/p>\n\n\n\n<p>Issue du sport de haut niveau et adapt\u00e9e au monde de l\u2019entreprise, la m\u00e9thode TEN Management permet&nbsp;<br>de renforcer la concentration, la confiance, la coh\u00e9sion d\u2019\u00e9quipe et la capacit\u00e9 \u00e0 performer dans la dur\u00e9e.<\/p>\n\n\n\n<div class=\"wp-block-buttons is-layout-flex wp-block-buttons-is-layout-flex\">\n<div class=\"wp-block-button\"><a class=\"wp-block-button__link wp-element-button\">Demander un diagnostic<\/a><\/div>\n<\/div>\n\n\n\n<figure class=\"wp-block-image size-full\"><img loading=\"lazy\" decoding=\"async\" width=\"958\" height=\"942\" src=\"http:\/\/tenmanagement.fr\/wp-content\/uploads\/2026\/01\/PHOTO-2024-06-04-18-20-44.jpg\" alt=\"\" class=\"wp-image-26\" style=\"object-fit:cover\" srcset=\"https:\/\/tenmanagement.fr\/wp-content\/uploads\/2026\/01\/PHOTO-2024-06-04-18-20-44.jpg 958w, https:\/\/tenmanagement.fr\/wp-content\/uploads\/2026\/01\/PHOTO-2024-06-04-18-20-44-300x295.jpg 300w, https:\/\/tenmanagement.fr\/wp-content\/uploads\/2026\/01\/PHOTO-2024-06-04-18-20-44-768x755.jpg 768w\" sizes=\"auto, (max-width: 958px) 100vw, 958px\" \/><\/figure>\n","protected":false},"excerpt":{"rendered":"<p>Pr\u00e9paration mentale, coaching et m\u00e9thode TEN Management pour renforcer la performance humaine durable. TEN Management accompagne les entreprises, managers et collaborateurs dans le d\u00e9veloppement de la performance mentale,&nbsp;de l\u2019engagement collectif et de la gestion de la pression professionnelle. Issue du sport de haut niveau et adapt\u00e9e au monde de l\u2019entreprise, la m\u00e9thode TEN Management permet&nbsp;de [&hellip;]<\/p>\n","protected":false},"author":1,"featured_media":0,"parent":0,"menu_order":0,"comment_status":"closed","ping_status":"closed","template":"","meta":{"footnotes":""},"class_list":["post-11","page","type-page","status-publish","hentry"],"_links":{"self":[{"href":"https:\/\/tenmanagement.fr\/index.php\/wp-json\/wp\/v2\/pages\/11","targetHints":{"allow":["GET"]}}],"collection":[{"href":"https:\/\/tenmanagement.fr\/index.php\/wp-json\/wp\/v2\/pages"}],"about":[{"href":"https:\/\/tenmanagement.fr\/index.php\/wp-json\/wp\/v2\/types\/page"}],"author":[{"embeddable":true,"href":"https:\/\/tenmanagement.fr\/index.php\/wp-json\/wp\/v2\/users\/1"}],"replies":[{"embeddable":true,"href":"https:\/\/tenmanagement.fr\/index.php\/wp-json\/wp\/v2\/comments?post=11"}],"version-history":[{"count":4,"href":"https:\/\/tenmanagement.fr\/index.php\/wp-json\/wp\/v2\/pages\/11\/revisions"}],"predecessor-version":[{"id":37,"href":"https:\/\/tenmanagement.fr\/index.php\/wp-json\/wp\/v2\/pages\/11\/revisions\/37"}],"wp:attachment":[{"href":"https:\/\/tenmanagement.fr\/index.php\/wp-json\/wp\/v2\/media?parent=11"}],"curies":[{"name":"wp","href":"https:\/\/api.w.org\/{rel}","templated":true}]}}